t is w(r)?
-2
Suppose -2*a = a - a. Suppose -18*n + 22*n + 8 = a. Let j be 2*-7*1/n. Let x(b) = -b + 6. Calculate x(j).
-1
Suppose -5044*c + 4967*c + 154 = 0. Let o(l) be the first derivative of -l + 1/2*l**c - 3. Calculate o(10).
9
Let z = 5303 - 5296. Let t(a) = a**2 + 8*a - 1. What is t(z)?
104
Let w = 30148 + -30147. Let p(b) = 11*b**3 + 9*b**2 - 9*b + 1. Give p(w).
12
Suppose -3*i - z = 2, 5*z - 6 = 5*i + 4*z. Let s(a) be the third derivative of -a**6/120 + 149*a**2 + 28. Determine s(i).
1
Suppose -4*x - 61 = -5*v, 3*v - 54 + 17 = 2*x. Let y = 16 - v. Suppose 27 = -j + 5*p, y*j + 4*p - 9*p = -31. Let g(z) = 5*z**2 + 3*z + 2. What is g(j)?
16
Let v(b) = b**2 - 42*b - 1068. Let q be v(60). Let l(t) = 13*t - 155. Give l(q).
1
Let i = -4314 - -4310. Let d(x) = -5 - x + 0*x**3 + 3*x**2 - 4*x**3 + 5*x**3. What is d(i)?
-17
Let u(b) be the second derivative of -b**8/6720 + b**7/315 - b**6/60 + b**5/30 - 5*b**4/3 - 2*b - 40. Let f(n) be the third derivative of u(n). What is f(6)?
4
Suppose 0 = -273*q + 278*q - b + 57, 6 = 3*b. Let h(u) = u**2 + 15*u + 32. Give h(q).
-12
Let a(g) = 6*g**2 + 312*g + 9. Let k be a(-52). Suppose s = 5*v + 3*s - 62, 0 = -4*v - 2*s + 50. Let q(d) = v - d + 1 - 4. Determine q(k).
0
Suppose 0*k = -12*k + 48. Suppose k*x - 44 = 5*d, 5*d = 6*d. Let c(y) = y - 7. What is c(x)?
4
Suppose -994*j + 990*j + 12 = 0. Let a(y) = j + 0 - 3 + 8 - 32*y - 7. What is a(-1)?
33
Let i(z) = 304*z + 7 + 11 - 13 - 154*z - 153*z. Let a be 16/(-6)*9/(-6). Give i(a).
-7
Let c(i) = 19*i - 16*i + 1512 - 1564. Calculate c(18).
2
Suppose -3*z - 17 - 28 = 0. Let n(o) = -19 - o - 14 + 1 + 13 - 2. What is n(z)?
-6
Let z(c) = -c**2 - 3*c + 2. Let i = 15 + -11. Suppose -4*k - 5*t + 601 = 0, -i*k + 607 = 6*t - 3*t. Let j = -160 + k. Determine z(j).
-16
Let b = 8837 + -8828. Let f(k) = k**3 - 5*k**2 - 35*k - 13. Calculate f(b).
-4
Let a(s) = 5259 + 2*s - 21026 + 5254 + 5255 + 4*s**2 + 5253 - s**3. Suppose 4*r + 2*l - 20 = 0, 5*r - 4*l = -0*r + 12. What is a(r)?
3
Let b(d) be the second derivative of 5/12*d**4 - 3/2*d**2 + 25*d + 0 + 5/6*d**3 + 1/20*d**5. Calculate b(-4).
-7
Let y(l) be the second derivative of -l**8/6720 - l**7/1260 + l**6/720 - 11*l**4/6 - 24*l - 1. Let i(k) be the third derivative of y(k). Give i(-3).
6
Let i be 5/(-10)*2 + 80. Let a = i - 116. Let m = 28 + a. Let n(b) = b**3 + 8*b**2 - 9*b + 5. What is n(m)?
5
Let o(f) = -f**2 + 5*f + 9. Let y be 6/21 - ((-24)/14)/(92/414). Determine o(y).
-15
Let v(h) = h**2 - 1. Suppose 3*r + t - 4*t = 15, 4*r = -5*t + 2. Let w be (-3 + r + -2)*3. Let j(s) = -2*s - 12. Let o be j(w). Determine v(o).
-1
Let n(h) be the second derivative of h**3/6 - 17*h**2/2 - 6*h - 32. Give n(6).
-11
Let l(b) = b + 1. Let c(q) = -q**2 - 11*q - 10. Let f(y) = -c(y) - 4*l(y). Suppose -248 = 10*w + 252. Let z = w + 46. What is f(z)?
-6
Suppose 2 = -2*c + 12. Suppose -n + 0*n - 2*r - 14 = 0, 0 = -c*n - r - 25. Let t(p) = p**2 + 6*p + 3. Let j(o) = o. Let d(h) = n*j(h) + t(h). Give d(-2).
3
Let m(n) = 9*n - 14. Let y(z) = 16*z - 27. Let v(t) = 7*m(t) - 4*y(t). Let l = -1659 + 1656. Determine v(l).
13
Suppose 333 - 335 = -f. Let i(c) = 3 + 5*c - 4 - 2*c - f*c. Let j be -2*((-10)/(-4) + 0). Give i(j).
-6
Let o(g) = -11*g**3 + 5*g**2 + 7*g + 10. Let t(r) = -9*r**3 + 5*r**2 + 6*r + 8. Let i = 342 + -347. Let d(v) = i*o(v) + 6*t(v). Determine d(-4).
10
Suppose 6 = -2*x + 5*z - 6, -6 = x + 4*z. Let u(g) = -2*g + 4. Let f(s) = 3*s - 4. Let m(h) = x*u(h) - 5*f(h). Give m(4).
-16
Suppose -3*a + 2 = 20. Let v(c) = 4*c + 7. Let o = -188 + 182. Let f(j) = 8*j + 14. Let s(k) = o*f(k) + 13*v(k). What is s(a)?
-17
Let t = -46 - -45. Let v(s) = -s - 14. Let w be v(-12). Let z be 8 + t/(3/(-6)*w). Let u(b) = -b - 8. Calculate u(z).
-15
Let u(t) = 474*t + 3314. Let g be u(-7). Let l(z) = -z**3 - 2*z**2 + 2*z + 1. Calculate l(g).
25
Let k(z) = z - 1. Let i(j) = 5*j**2 - 4*j. Let u(g) = i(g) + 4*k(g). Let w(p) = 12*p**2 - 8. Let f(t) = 5*u(t) - 2*w(t). Give f(0).
-4
Let j(r) = 4*r - r - 1 - 4*r. Let c = -36 - -39. Suppose 0 = c*b - 3*x + 2*x - 1, 2*b = x + 1. Calculate j(b).
-1
Suppose 3*c - 4*u = -35, 0 = -3*u - 2 + 17. Let y be -4 + c - (5 - 8). Let i be 24/36 - (-10)/y - -6. Let k(v) = 2*v**2 - 4*v + 1. What is k(i)?
31
Let b be (12/(-8))/((162/24)/(-9)). Let l(s) = s**b + 127*s - 49 + 53 - 128*s. What is l(-5)?
34
Let r = 99 - 95. Suppose r*f + 13 = -3*n, 5*f - 15 = -3*n + 8*f. Let d(w) = 3*w**2 + 2*w + 3 - 6 + 2 + w**2. What is d(n)?
5
Let f(m) be the first derivative of m**2 + 20*m - 15. Let j be f(-8). Let d be (-1 - -1) + 8 - j. Let i(y) = -y**3 + 5*y**2 + 2*y + 3. Determine i(d).
27
Let u be (-3 - 12/(-20))/(2/(-125)). Let y = -148 + u. Let i(q) = q - 2. Determine i(y).
0
Suppose 0 = -u - 4*w - 7, 0*w + 3 = -w. Let l(d) = -d**3 + 6*d**2 + 44*d + 4. Let x(i) = -i**3 + 6*i**2 + 28*i + 5. Let n(q) = -2*l(q) + 3*x(q). What is n(u)?
12
Let h(l) = 2*l - 10. Let n be h(7). Suppose -7*i = -n*i + 54. Let y = -20 - i. Let r(p) = 6*p + 2. What is r(y)?
-10
Let v(t) = -t**3 - t**2 + t. Suppose -3*q + 5*k = -0*q - 3, 0 = -k. Let w(x) = 2*x**3 + x**2 - 2*x. Let z(a) = q*w(a) + 3*v(a). What is z(1)?
-2
Let x(v) be the first derivative of -v**3/3 - 11*v**2/2 - 3*v - 1280. Give x(-10).
7
Let x(h) = -h**3 - 8*h**2 + 7*h - 4. Let b(g) = 19*g + 29. Let n be (-12)/36 - (-4)/((-24)/10). Let w be b(n). Determine x(w).
14
Let u = 4 + 2. Let d = 2 + u. Suppose -2*r - 5*g = 30, 0 = 3*r + g + 11 + d. Let x(a) = a**2 + 5*a + 2. Give x(r).
2
Let y(i) = -4*i - 3. Let l(m) = -7*m - 7. Let k(t) = t**2 + 1. Let g be k(1). Let s(z) = g*l(z) - 5*y(z). Let d be 6/(72/12)*(2 + -1). Calculate s(d).
7
Let r(q) = 2*q - 7. Let t(l) = -11*l - 29 - 12*l + 29*l - 7*l. Let z be t(-40). What is r(z)?
15
Let t(d) = -5*d - 7. Let n(k) = 16*k + 22. Let w(j) = -n(j) - 3*t(j). Suppose 0 = -10*s + 5*s - 20. What is w(s)?
3
Let l(r) = r**2 + 36*r + 157. Let p be l(-24). Let b = 126 + p. Let o(x) = -x**2 - 3*x + 12. Calculate o(b).
2
Let i(s) = -57*s**3 + 25*s**2 + 10*s - 64. Let j(n) = -22*n**3 + 10*n**2 + 4*n - 26. Let o(v) = 5*i(v) - 13*j(v). What is o(5)?
8
Suppose 10*w = -4*w + 21*w. Suppose -2*i + 343 - 357 = w. Let s(h) = 0*h**2 + 6*h - h + h**2 - 6. What is s(i)?
8
Suppose s + d + 14 = 33, s - 29 = 4*d. Suppose 72 = 3*j + s*j. Let i(h) = -h**2 + 4*h - 2. Calculate i(j).
1
Suppose r - 5*n - 3 = -6*n, -3*r = 4*n - 10. Let w(o) = 7*o + 42*o**2 + o - 15*o**2 - 26*o**r + 8. Suppose -2*p = 2*c + 12, -c - 4*c + 2 = p. Calculate w(p).
8
Let a(t) = -5*t**2 + 5*t**3 - 3*t**3 - 3*t + 1091 + t - 4*t**3 - 1087. Determine a(-2).
4
Let k(o) = 0*o + 5*o - 19 - 16 + 5*o**2 - 4*o**2 + 28. Let z(y) = y**3 - 8*y**2 - y + 3. Let p be z(8). Calculate k(p).
-7
Let c = -46 - 28. Let x = -81 - c. Let s(m) = -m - 4. Let z(u) = 1. Let a(n) = s(n) + 4*z(n). Determine a(x).
7
Suppose -3*k = -2*k - 76. Let p be -2 + (-32)/(-14) - k/(-28). Let q(t) = 2*t**p + 3 - 1 - 5 + 4*t**2 + 2*t - 6*t**2. Give q(2).
9
Suppose -2 = 469*k - 464*k + 3*x, 2*x - 4 = -2*k. Let r(a) = -8*a - 1. What is r(k)?
31
Suppose f + 5 = -m, 7 = -2*f + f + m. Let q(w) = -4*w**2 - 2*w - 1. Let x(r) = -7*r**2 + 5. Let z(j) = 2*q(j) - x(j). Calculate z(f).
-19
Let m = -2008 - -2010. Let q(y) be the first derivative of -3/2*y**2 - 1 + 3*y. Determine q(m).
-3
Let q be (-1 + 2)/((-3)/3). Let s(v) = 0*v**2 + 15 - v**2 + 7 - 10 - 11. What is s(q)?
0
Let g(p) = -p**3 - 8*p**2 + p + 2. Let r(t) = t**2 - 15*t + 47. Let y be r(6). Give g(y).
-54
Let s(t) = -t**2 + 21*t - 9. Let o(y) = -y**3 - 5*y**2 + 45*y - 41. Let q be o(-10). What is s(q)?
99
Suppose 0 = 350*g - 391*g + 82. Let v(y) = -y**2 + 1. Determine v(g).
-3
Suppose 0*b = -3*t + 3*b - 3, 0 = 4*t - 2*b. Let c = -60 + 198. Let x(d) = 0 + 2 + 141*d - 1 - c*d. What is x(t)?
4
Let w(x) be the first derivative of x**3/3 - 9*x**2 + 44*x + 2087. Determine w(16).
12
Let x(r) be the first derivative of -r**4/2 + 14*r**3/3 - 6*r**2 - r - 251. Give x(6).
-1
Let z(g) = 13*g**2 + 2 - 187*g + 93*g + 6 + 85*g. What is z(1)?
12
Let y(k) = -4*k + 35. Let d(q) = 22*q - 210. Let s(j) = -2*d(j) - 13*y(j). Give s(5).
5
Let s(w) = w - 5. Let f(m) = -m**3 + 7*m**2 + m + 4. Let y be f(3). Let v = -117 + y. Let a = 78 + v. Give s(a).
-1
Let s(o) = 4*o**2 + 41*o + 2. Let q be s(-11). Suppose q*d = 15*d + 40. Le